{"id":502,"date":"2011-05-03T21:41:13","date_gmt":"2011-05-04T02:41:13","guid":{"rendered":"http:\/\/blog.asuntoshumanos.org\/?page_id=502"},"modified":"2011-05-06T00:22:58","modified_gmt":"2011-05-06T05:22:58","slug":"perfil","status":"publish","type":"page","link":"https:\/\/blog.asuntoshumanos.org\/?page_id=502","title":{"rendered":"Perfil del autor"},"content":{"rendered":"<table width=\"100%\">\n<tbody>\n<tr>\n<td valign=\"top\"><a href=\"http:\/\/blog.asuntoshumanos.org\/wp-content\/uploads\/2011\/05\/Foto_Celd_04.jpg\"><img loading=\"lazy\" decoding=\"async\" class=\"size-medium wp-image-508 alignnone\" style=\"margin-top: 6px; margin-bottom: 6px; margin-left: 10px; margin-right: 10px;\" title=\"El autor\" src=\"http:\/\/blog.asuntoshumanos.org\/wp-content\/uploads\/2011\/05\/Foto_Celd_04-284x300.jpg\" alt=\"El autor\" width=\"184\" height=\"194\" srcset=\"https:\/\/blog.asuntoshumanos.org\/wp-content\/uploads\/2011\/05\/Foto_Celd_04-284x300.jpg 284w, https:\/\/blog.asuntoshumanos.org\/wp-content\/uploads\/2011\/05\/Foto_Celd_04.jpg 409w\" sizes=\"(max-width: 184px) 100vw, 184px\" \/><\/a><\/td>\n<td>Carlos Eduardo L\u00f3pez D\u00e1vila es colombiano, nacido en la ciudad de Pasto al sur del pa\u00eds en el departamento de Nari\u00f1o en 1957. Es abogado de la Universidad Javeriana, especializado en el \u00e1rea ambiental, docente universitario y consultor en temas ambientales, sociales, culturales y del desarrollo. Gestor social y cultural a trav\u00e9s de organizaciones no gubernamentales, preside Anisa Colombia, corporaci\u00f3n sin fines de lucro, con existencia legal desde el a\u00f1o 2000 y trayectoria en varios lugares del territorio nacional.<\/p>\n<p>Ha realizado publicaciones editoriales en el \u00e1rea jur\u00eddica y en temas ambientales y sociales, como es el caso del libro publicado por Ediciones del Profesional denominado \u00abManual del Sistema Nacional Ambiental\u00bb con el producto multimedia denominado \u00abEcolegis\u00bb, adem\u00e1s de art\u00edculos en revistas impresas y digitales en varios pa\u00edses. Ha presentado ponencias en diversos congresos y seminarios de car\u00e1cter nacional e internacional sobre el medio ambiente y el desarrollo.<\/p>\n<p>Es cantautor en el g\u00e9nero de la canci\u00f3n de contenido, bajo el seud\u00f3nimo de Carlos de Avila, con una iniciativa para su renovaci\u00f3n bajo el nombre de \u00abCanci\u00f3n Propuesta\u00bb, contando con 3 producciones musicales grabadas y una extensa trayectoria en el \u00e1mbito cultural de diversos pa\u00edses. Actualmente reside en su ciudad natal, Pasto, para liderar el proyecto del \u00abForo Colombiano para la Construcci\u00f3n de Alternativas Sociales &#8211; Alternar\u00bb, con un proyecto piloto en esa ciudad, destinado a construir la capacidad de acci\u00f3n unificada del conjunto social bajo el paradigma de la unidad en la diversidad y sin la intervenci\u00f3n de factores de poder pol\u00edticos, sociales y econ\u00f3micos que no permiten la satisfacci\u00f3n sin\u00e9rgica e integral de las necesidades de todos los habitantes.<\/p>\n<p>Profesa, en calidad de creencia, la Fe Bah\u00e1&#8217;\u00ed, comunidad mundial de personas que se encuentran comprometidas en llevar adelante el mensaje de su fundador, Bah\u00e1&#8217;u&#8217;ll\u00e1h, quien afirm\u00f3 como principio fundamental en el campo espiritual, la unidad fundamental de todas las religiones reveladas, y en el campo social, la unidad org\u00e1nica de la humanidad para llevar adelante una civilizaci\u00f3n justa, pac\u00edfica y pr\u00f3spera, en continuo progreso.<\/td>\n<\/tr>\n<\/tbody>\n<\/table>\n","protected":false},"excerpt":{"rendered":"<p>Carlos Eduardo L\u00f3pez D\u00e1vila es colombiano, nacido en la ciudad de Pasto al sur del pa\u00eds en el departamento de Nari\u00f1o en 1957. Es abogado de la Universidad Javeriana, especializado en el \u00e1rea ambiental, docente universitario y consultor en temas ambientales, sociales, culturales y del desarrollo. Gestor social y cultural a trav\u00e9s de organizaciones no [&hellip;]<\/p>\n","protected":false},"author":1,"featured_media":0,"parent":0,"menu_order":0,"comment_status":"open","ping_status":"open","template":"","meta":{"footnotes":""},"_links":{"self":[{"href":"https:\/\/blog.asuntoshumanos.org\/index.php?rest_route=\/wp\/v2\/pages\/502"}],"collection":[{"href":"https:\/\/blog.asuntoshumanos.org\/index.php?rest_route=\/wp\/v2\/pages"}],"about":[{"href":"https:\/\/blog.asuntoshumanos.org\/index.php?rest_route=\/wp\/v2\/types\/page"}],"author":[{"embeddable":true,"href":"https:\/\/blog.asuntoshumanos.org\/index.php?rest_route=\/wp\/v2\/users\/1"}],"replies":[{"embeddable":true,"href":"https:\/\/blog.asuntoshumanos.org\/index.php?rest_route=%2Fwp%2Fv2%2Fcomments&post=502"}],"version-history":[{"count":15,"href":"https:\/\/blog.asuntoshumanos.org\/index.php?rest_route=\/wp\/v2\/pages\/502\/revisions"}],"predecessor-version":[{"id":506,"href":"https:\/\/blog.asuntoshumanos.org\/index.php?rest_route=\/wp\/v2\/pages\/502\/revisions\/506"}],"wp:attachment":[{"href":"https:\/\/blog.asuntoshumanos.org\/index.php?rest_route=%2Fwp%2Fv2%2Fmedia&parent=502"}],"curies":[{"name":"wp","href":"https:\/\/api.w.org\/{rel}","templated":true}]}}

<table width="100%">
<tbody>
<tr>
<td valign="top"><a href="http://blog.asuntoshumanos.org/wp-content/uploads/2011/05/Foto_Celd_04.jpg"><img loading="lazy" decoding="async" class="size-medium wp-image-508 alignnone" style="margin-top: 6px; margin-bottom: 6px; margin-left: 10px; margin-right: 10px;" title="El autor" src="http://blog.asuntoshumanos.org/wp-content/uploads/2011/05/Foto_Celd_04-284x300.jpg" alt="El autor" width="184" height="194" srcset="https://blog.asuntoshumanos.org/wp-content/uploads/2011/05/Foto_Celd_04-284x300.jpg 284w, https://blog.asuntoshumanos.org/wp-content/uploads/2011/05/Foto_Celd_04.jpg 409w" sizes="(max-width: 184px) 100vw, 184px" /></a></td>
<td>Carlos Eduardo López Dávila es colombiano, nacido en la ciudad de Pasto al sur del país en el departamento de Nariño en 1957. Es abogado de la Universidad Javeriana, especializado en el área ambiental, docente universitario y consultor en temas ambientales, sociales, culturales y del desarrollo. Gestor social y cultural a través de organizaciones no gubernamentales, preside Anisa Colombia, corporación sin fines de lucro, con existencia legal desde el año 2000 y trayectoria en varios lugares del territorio nacional.</p>
<p>Ha realizado publicaciones editoriales en el área jurídica y en temas ambientales y sociales, como es el caso del libro publicado por Ediciones del Profesional denominado «Manual del Sistema Nacional Ambiental» con el producto multimedia denominado «Ecolegis», además de artículos en revistas impresas y digitales en varios países. Ha presentado ponencias en diversos congresos y seminarios de carácter nacional e internacional sobre el medio ambiente y el desarrollo.</p>
<p>Es cantautor en el género de la canción de contenido, bajo el seudónimo de Carlos de Avila, con una iniciativa para su renovación bajo el nombre de «Canción Propuesta», contando con 3 producciones musicales grabadas y una extensa trayectoria en el ámbito cultural de diversos países. Actualmente reside en su ciudad natal, Pasto, para liderar el proyecto del «Foro Colombiano para la Construcción de Alternativas Sociales &#8211; Alternar», con un proyecto piloto en esa ciudad, destinado a construir la capacidad de acción unificada del conjunto social bajo el paradigma de la unidad en la diversidad y sin la intervención de factores de poder políticos, sociales y económicos que no permiten la satisfacción sinérgica e integral de las necesidades de todos los habitantes.</p>
<p>Profesa, en calidad de creencia, la Fe Bahá&#8217;í, comunidad mundial de personas que se encuentran comprometidas en llevar adelante el mensaje de su fundador, Bahá&#8217;u&#8217;lláh, quien afirmó como principio fundamental en el campo espiritual, la unidad fundamental de todas las religiones reveladas, y en el campo social, la unidad orgánica de la humanidad para llevar adelante una civilización justa, pacífica y próspera, en continuo progreso.</td>
</tr>
</tbody>
</table>

<p>Carlos Eduardo López Dávila es colombiano, nacido en la ciudad de Pasto al sur del país en el departamento de Nariño en 1957. Es abogado de la Universidad Javeriana, especializado en el área ambiental, docente universitario y consultor en temas ambientales, sociales, culturales y del desarrollo. Gestor social y cultural a través de organizaciones no [&hellip;]</p>
