{"id":523,"date":"2011-05-04T01:08:52","date_gmt":"2011-05-04T06:08:52","guid":{"rendered":"http:\/\/blog.asuntoshumanos.org\/?page_id=523"},"modified":"2011-05-06T00:03:18","modified_gmt":"2011-05-06T05:03:18","slug":"bienvenidos","status":"publish","type":"page","link":"https:\/\/blog.asuntoshumanos.org\/?page_id=523","title":{"rendered":"Bienvenidos"},"content":{"rendered":"<table style=\"cursor: default; border: 1px dashed #bbbbbb;\" border=\"0\" cellspacing=\"2\" cellpadding=\"3\" width=\"100%\">\n<tbody>\n<tr>\n<td rowspan=\"6\" valign=\"top\"><em>Apreciados amigos:<\/em><\/p>\n<p>El mundo se debate en una crisis global en todos los \u00e1mbitos de la vida individual y social, crisis de un grado y alcance tan inusitadamente grave, que muchos estudiosos y analistas hablan con insistencia de la inminencia de una cat\u00e1strofe planetaria originada,ya sea por causas ambientales, econ\u00f3micas o confrontacionales, o bien por una conjunci\u00f3n de todas ellas, lo que, sin duda, pondr\u00eda en duda la continuidad misma de la civilizaci\u00f3n humana sobre el planeta. Y es que a todas luces resulta inocultable que ninguno de los sistemas pol\u00edticos, ideol\u00f3gicos, sociales, econ\u00f3micos y religiosos dominantes en el mundo, tal como los conocemos, est\u00e1 libre de responsabilidad en la situaci\u00f3n existente, y que si somos consecuentes con lo expresado por numerosos pensadores, no podemos esperar alcanzar la soluci\u00f3n de los problemas con las mismas formas de pensamiento o con los mismos fundamentos, herramientas y m\u00e9todos de los sistemas que los han originado.<\/p>\n<p>Frente a la situaci\u00f3n anterior se visualizan diversas respuestas, desde las provenientes de los portavoces de los sistemas tradicionales que aseguran que el problema radica en la inadecuada aplicaci\u00f3n de principios y m\u00e9todos por causas que pueden superarse, pasando por los grupos y movimientos que aseguran que la soluci\u00f3n est\u00e1 en la adopci\u00f3n universal de su credo, visi\u00f3n o doctrina particular, hasta las diversas voces e iniciativas que por todo el mundo han desarrollado propuestas y alternativas a los modelos y sistemas vigentes en todos los \u00f3rdenes de la vida.<\/p>\n<p>Sin embargo, el problema radica en que todas esas respuestas est\u00e1n en fuerte competencia entre s\u00ed, y ninguna pareciera contar con la suficiente universalidad, integralidad y capacidad de concitar el apoyo decidido de millones de habitantes del planeta sin distingo de naci\u00f3n, raza, credo, cultura o clase, para superar de ra\u00edz las causas de la crisis, por lo que habr\u00eda que preguntarse si es posible que exista otra respuesta que supere estas limitaciones, basada en un nuevo sistema de pensamiento y de acci\u00f3n, con principios espirituales de aplicaci\u00f3n social, que no est\u00e9 contaminado por ninguno de los factores de poder, a modo de gui\u00f3n general con los fundamentos b\u00e1sicos para ser desarrollado en forma progresiva por la humanidad con su propia impronta, con la riqueza de toda su diversidad.<\/p>\n<p>Todo el planteamiento anterior y su desarrollo, as\u00ed como la presentaci\u00f3n de la alternativa que pretende ser una respuesta afirmativa al \u00faltimo interrogante, se ha publicado un documento virtual, originalmente dise\u00f1ado bajo el formato de presentaci\u00f3n de diapositivas, y publicado como PDF en la p\u00e1gina principal de este sitio, bajo el t\u00edtulo: \u201c<em>\u00bfExiste una soluci\u00f3n para los asuntos humanos?<\/em>\u201d, que se pone a disposici\u00f3n de todos los interesados en el debate sobre este tema. En la p\u00e1gina de<em>Descargas<span> <\/span><\/em>se encuentran los enlaces para ver y\/o descargar el documento, tanto en un s\u00f3lo archivo que contiene todo el trabajo, como en 5 archivos diferentes que corresponden a las partes en que se encuentra dividido.<\/p>\n<p>El presente blog, por tanto, es parte de un proyecto m\u00e1s amplio que cuenta con otras herramientas virtuales para permitir el desarrollo del debate sobre el tema central, con la<span> <\/span><a href=\"http:\/\/www.asuntoshumanos.org\" target=\"_blank\">P\u00e1gina Principal<\/a>, un<span> <\/span><a href=\"http:\/\/foro.asuntoshumanos.org\" target=\"_blank\">Foro virtual<\/a><span> <\/span>y una<span> <\/span><a href=\"http:\/\/listas.asuntoshumanos.org\" target=\"_blank\">Lista de correo<\/a>, como espacios y posibilidades trabajadas en una primera etapa. Este blog, en particular, tiene como finalidad la publicaci\u00f3n de art\u00edculos, ensayos, materiales audiovisuales y de otros documentos relacionados directamente con la b\u00fasqueda de la soluci\u00f3n de los problemas humanos, tanto en los aspectos espirituales como sociales. Inicialmente, se incluyen art\u00edculos que he preparado y publicado en diversos espacios y escenarios, editoriales, institucionales y virtuales, pero el prop\u00f3sito es contar con materiales de otros autores que tengan una fundamentaci\u00f3n similar o complementaria a la expuesta.<\/p>\n<p>Extiendo, entonces mi invitaci\u00f3n a todos los lectores para que participen activamente, tanto por medio del presente blog, como a trav\u00e9s de los otros espacios virtuales se\u00f1alados, pues nos encontramos en un momento vital de la historia humana, donde las soluciones definitivas deben ser dise\u00f1adas y acometidas por todos los habitantes del planeta sin m\u00e1s dilaciones.<\/p>\n<p>Gracias por su atenci\u00f3n.<\/p>\n<p><em>Un abrazo fraterno,<\/em><\/p>\n<p><em>Carlos E. L\u00f3pez D\u00e1vila<br \/>\n<\/em><em>(Carlos de Avila)<\/em><\/td>\n<td><\/td>\n<\/tr>\n<tr>\n<td valign=\"top\"><a href=\"http:\/\/blog.asuntoshumanos.org\/wp-content\/uploads\/2011\/05\/accion_social_08.jpg\"><img loading=\"lazy\" decoding=\"async\" class=\"size-medium wp-image-628 alignnone\" style=\"margin-left: 6px; margin-right: 6px;\" title=\"Acci\u00f3n social\" src=\"http:\/\/blog.asuntoshumanos.org\/wp-content\/uploads\/2011\/05\/accion_social_08-272x300.jpg\" alt=\"Acci\u00f3n social\" hspace=\"4\" width=\"218\" height=\"240\" srcset=\"https:\/\/blog.asuntoshumanos.org\/wp-content\/uploads\/2011\/05\/accion_social_08-272x300.jpg 272w, https:\/\/blog.asuntoshumanos.org\/wp-content\/uploads\/2011\/05\/accion_social_08.jpg 382w\" sizes=\"(max-width: 218px) 100vw, 218px\" \/><\/a><\/td>\n<\/tr>\n<tr>\n<td><\/td>\n<\/tr>\n<tr>\n<td><\/td>\n<\/tr>\n<tr>\n<td valign=\"top\"><a href=\"http:\/\/blog.asuntoshumanos.org\/wp-content\/uploads\/2011\/05\/accion_social_17.jpg\"><img loading=\"lazy\" decoding=\"async\" class=\"size-medium wp-image-629 aligncenter\" style=\"display: block; margin-left: 6px; margin-right: 6px;\" title=\"Acci\u00f3n social\" src=\"http:\/\/blog.asuntoshumanos.org\/wp-content\/uploads\/2011\/05\/accion_social_17-217x300.jpg\" alt=\"Acci\u00f3n social\" hspace=\"4\" width=\"217\" height=\"300\" srcset=\"https:\/\/blog.asuntoshumanos.org\/wp-content\/uploads\/2011\/05\/accion_social_17-217x300.jpg 217w, https:\/\/blog.asuntoshumanos.org\/wp-content\/uploads\/2011\/05\/accion_social_17.jpg 251w\" sizes=\"(max-width: 217px) 100vw, 217px\" \/><\/a><\/td>\n<\/tr>\n<tr>\n<td><\/td>\n<\/tr>\n<\/tbody>\n<\/table>\n","protected":false},"excerpt":{"rendered":"<p>Apreciados amigos: El mundo se debate en una crisis global en todos los \u00e1mbitos de la vida individual y social, crisis de un grado y alcance tan inusitadamente grave, que muchos estudiosos y analistas hablan con insistencia de la inminencia de una cat\u00e1strofe planetaria originada,ya sea por causas ambientales, econ\u00f3micas o confrontacionales, o bien por [&hellip;]<\/p>\n","protected":false},"author":1,"featured_media":0,"parent":0,"menu_order":0,"comment_status":"open","ping_status":"open","template":"","meta":{"footnotes":""},"_links":{"self":[{"href":"https:\/\/blog.asuntoshumanos.org\/index.php?rest_route=\/wp\/v2\/pages\/523"}],"collection":[{"href":"https:\/\/blog.asuntoshumanos.org\/index.php?rest_route=\/wp\/v2\/pages"}],"about":[{"href":"https:\/\/blog.asuntoshumanos.org\/index.php?rest_route=\/wp\/v2\/types\/page"}],"author":[{"embeddable":true,"href":"https:\/\/blog.asuntoshumanos.org\/index.php?rest_route=\/wp\/v2\/users\/1"}],"replies":[{"embeddable":true,"href":"https:\/\/blog.asuntoshumanos.org\/index.php?rest_route=%2Fwp%2Fv2%2Fcomments&post=523"}],"version-history":[{"count":13,"href":"https:\/\/blog.asuntoshumanos.org\/index.php?rest_route=\/wp\/v2\/pages\/523\/revisions"}],"predecessor-version":[{"id":525,"href":"https:\/\/blog.asuntoshumanos.org\/index.php?rest_route=\/wp\/v2\/pages\/523\/revisions\/525"}],"wp:attachment":[{"href":"https:\/\/blog.asuntoshumanos.org\/index.php?rest_route=%2Fwp%2Fv2%2Fmedia&parent=523"}],"curies":[{"name":"wp","href":"https:\/\/api.w.org\/{rel}","templated":true}]}}

<table style="cursor: default; border: 1px dashed #bbbbbb;" border="0" cellspacing="2" cellpadding="3" width="100%">
<tbody>
<tr>
<td rowspan="6" valign="top"><em>Apreciados amigos:</em></p>
<p>El mundo se debate en una crisis global en todos los ámbitos de la vida individual y social, crisis de un grado y alcance tan inusitadamente grave, que muchos estudiosos y analistas hablan con insistencia de la inminencia de una catástrofe planetaria originada,ya sea por causas ambientales, económicas o confrontacionales, o bien por una conjunción de todas ellas, lo que, sin duda, pondría en duda la continuidad misma de la civilización humana sobre el planeta. Y es que a todas luces resulta inocultable que ninguno de los sistemas políticos, ideológicos, sociales, económicos y religiosos dominantes en el mundo, tal como los conocemos, está libre de responsabilidad en la situación existente, y que si somos consecuentes con lo expresado por numerosos pensadores, no podemos esperar alcanzar la solución de los problemas con las mismas formas de pensamiento o con los mismos fundamentos, herramientas y métodos de los sistemas que los han originado.</p>
<p>Frente a la situación anterior se visualizan diversas respuestas, desde las provenientes de los portavoces de los sistemas tradicionales que aseguran que el problema radica en la inadecuada aplicación de principios y métodos por causas que pueden superarse, pasando por los grupos y movimientos que aseguran que la solución está en la adopción universal de su credo, visión o doctrina particular, hasta las diversas voces e iniciativas que por todo el mundo han desarrollado propuestas y alternativas a los modelos y sistemas vigentes en todos los órdenes de la vida.</p>
<p>Sin embargo, el problema radica en que todas esas respuestas están en fuerte competencia entre sí, y ninguna pareciera contar con la suficiente universalidad, integralidad y capacidad de concitar el apoyo decidido de millones de habitantes del planeta sin distingo de nación, raza, credo, cultura o clase, para superar de raíz las causas de la crisis, por lo que habría que preguntarse si es posible que exista otra respuesta que supere estas limitaciones, basada en un nuevo sistema de pensamiento y de acción, con principios espirituales de aplicación social, que no esté contaminado por ninguno de los factores de poder, a modo de guión general con los fundamentos básicos para ser desarrollado en forma progresiva por la humanidad con su propia impronta, con la riqueza de toda su diversidad.</p>
<p>Todo el planteamiento anterior y su desarrollo, así como la presentación de la alternativa que pretende ser una respuesta afirmativa al último interrogante, se ha publicado un documento virtual, originalmente diseñado bajo el formato de presentación de diapositivas, y publicado como PDF en la página principal de este sitio, bajo el título: “<em>¿Existe una solución para los asuntos humanos?</em>”, que se pone a disposición de todos los interesados en el debate sobre este tema. En la página de<em>Descargas<span> </span></em>se encuentran los enlaces para ver y/o descargar el documento, tanto en un sólo archivo que contiene todo el trabajo, como en 5 archivos diferentes que corresponden a las partes en que se encuentra dividido.</p>
<p>El presente blog, por tanto, es parte de un proyecto más amplio que cuenta con otras herramientas virtuales para permitir el desarrollo del debate sobre el tema central, con la<span> </span><a href="http://www.asuntoshumanos.org" target="_blank">Página Principal</a>, un<span> </span><a href="http://foro.asuntoshumanos.org" target="_blank">Foro virtual</a><span> </span>y una<span> </span><a href="http://listas.asuntoshumanos.org" target="_blank">Lista de correo</a>, como espacios y posibilidades trabajadas en una primera etapa. Este blog, en particular, tiene como finalidad la publicación de artículos, ensayos, materiales audiovisuales y de otros documentos relacionados directamente con la búsqueda de la solución de los problemas humanos, tanto en los aspectos espirituales como sociales. Inicialmente, se incluyen artículos que he preparado y publicado en diversos espacios y escenarios, editoriales, institucionales y virtuales, pero el propósito es contar con materiales de otros autores que tengan una fundamentación similar o complementaria a la expuesta.</p>
<p>Extiendo, entonces mi invitación a todos los lectores para que participen activamente, tanto por medio del presente blog, como a través de los otros espacios virtuales señalados, pues nos encontramos en un momento vital de la historia humana, donde las soluciones definitivas deben ser diseñadas y acometidas por todos los habitantes del planeta sin más dilaciones.</p>
<p>Gracias por su atención.</p>
<p><em>Un abrazo fraterno,</em></p>
<p><em>Carlos E. López Dávila<br />
</em><em>(Carlos de Avila)</em></td>
<td></td>
</tr>
<tr>
<td valign="top"><a href="http://blog.asuntoshumanos.org/wp-content/uploads/2011/05/accion_social_08.jpg"><img loading="lazy" decoding="async" class="size-medium wp-image-628 alignnone" style="margin-left: 6px; margin-right: 6px;" title="Acción social" src="http://blog.asuntoshumanos.org/wp-content/uploads/2011/05/accion_social_08-272x300.jpg" alt="Acción social" hspace="4" width="218" height="240" srcset="https://blog.asuntoshumanos.org/wp-content/uploads/2011/05/accion_social_08-272x300.jpg 272w, https://blog.asuntoshumanos.org/wp-content/uploads/2011/05/accion_social_08.jpg 382w" sizes="(max-width: 218px) 100vw, 218px" /></a></td>
</tr>
<tr>
<td></td>
</tr>
<tr>
<td></td>
</tr>
<tr>
<td valign="top"><a href="http://blog.asuntoshumanos.org/wp-content/uploads/2011/05/accion_social_17.jpg"><img loading="lazy" decoding="async" class="size-medium wp-image-629 aligncenter" style="display: block; margin-left: 6px; margin-right: 6px;" title="Acción social" src="http://blog.asuntoshumanos.org/wp-content/uploads/2011/05/accion_social_17-217x300.jpg" alt="Acción social" hspace="4" width="217" height="300" srcset="https://blog.asuntoshumanos.org/wp-content/uploads/2011/05/accion_social_17-217x300.jpg 217w, https://blog.asuntoshumanos.org/wp-content/uploads/2011/05/accion_social_17.jpg 251w" sizes="(max-width: 217px) 100vw, 217px" /></a></td>
</tr>
<tr>
<td></td>
</tr>
</tbody>
</table>

<p>Apreciados amigos: El mundo se debate en una crisis global en todos los ámbitos de la vida individual y social, crisis de un grado y alcance tan inusitadamente grave, que muchos estudiosos y analistas hablan con insistencia de la inminencia de una catástrofe planetaria originada,ya sea por causas ambientales, económicas o confrontacionales, o bien por [&hellip;]</p>
